{"id":6,"date":"2012-09-16T09:56:26","date_gmt":"2012-09-16T07:56:26","guid":{"rendered":"http:\/\/www.schwibura.de\/?page_id=6"},"modified":"2016-01-13T10:38:36","modified_gmt":"2016-01-13T08:38:36","slug":"anfahrt","status":"publish","type":"page","link":"http:\/\/www.schwibura.de\/?page_id=6","title":{"rendered":"Anfahrt"},"content":{"rendered":"<p><iframe loading=\"lazy\" src=\"http:\/\/maps.google.de\/maps?f=q&amp;source=s_q&amp;hl=de&amp;geocode=&amp;q=Am+Schlo%C3%9F+8,+Schwindegg&amp;aq=&amp;sll=48.271361,12.257668&amp;sspn=0.002389,0.006539&amp;t=h&amp;ie=UTF8&amp;hq=&amp;hnear=Am+Schlo%C3%9F+8,+84419+Schwindegg,+Oberbayern,+Bayern&amp;ll=48.271783,12.257363&amp;spn=0.002856,0.005676&amp;z=17&amp;output=embed\" width=\"530\" height=\"400\" frameborder=\"0\" marginwidth=\"0\" marginheight=\"0\" scrolling=\"no\"><\/iframe><br \/>\n<small><a style=\"color: #0000ff; text-align: left;\" href=\"http:\/\/maps.google.de\/maps?f=q&amp;source=embed&amp;hl=de&amp;geocode=&amp;q=Am+Schlo%C3%9F+8,+Schwindegg&amp;aq=&amp;sll=48.271361,12.257668&amp;sspn=0.002389,0.006539&amp;t=h&amp;ie=UTF8&amp;hq=&amp;hnear=Am+Schlo%C3%9F+8,+84419+Schwindegg,+Oberbayern,+Bayern&amp;ll=48.271783,12.257363&amp;spn=0.002856,0.005676&amp;z=17\">Gr\u00f6\u00dfere Kartenansicht<\/a><\/small><\/p>\n<p>Das B\u00fcrgerhaus Schwindegg befindet sich im Zentrum Schwindeggs direkt an der M\u00fchldorfer Stra\u00dfe bei der Br\u00fccke \u00fcber die Goldach.<br \/>\nParkm\u00f6glichkeiten befinden sich direkt am B\u00fcrgerhaus sowie vor und hinter der Kirche (unter 5 Gehminuten).<\/p>\n<p>Auch eine Anreise mit dem Zug ist m\u00f6glich. Vom Bahnhof Schwindegg aus sind es unter 10 Gehminuten zum B\u00fcrgerhaus. Nach dem Bahnhofsgeb\u00e4ude links abbiegen und der Vorfahrtsstra\u00dfe bis zur M\u00fchldorfer Stra\u00dfe sowie dieser bis zum B\u00fcrgerhaus folgen.<\/p>\n<div id=\"nuan_ria_plugin\"><object id=\"plugin0\" style=\"position: absolute; z-index: 1000;\" width=\"0\" height=\"0\" type=\"application\/x-dgnria\"><param name=\"tabId\" value=\"ff-tab-49\" \/><param name=\"counter\" value=\"707\" \/><\/object><\/div>\n","protected":false},"excerpt":{"rendered":"<p>Gr\u00f6\u00dfere Kartenansicht Das B\u00fcrgerhaus Schwindegg befindet sich im Zentrum Schwindeggs direkt an der M\u00fchldorfer Stra\u00dfe bei der Br\u00fccke \u00fcber die Goldach. Parkm\u00f6glichkeiten befinden sich direkt am B\u00fcrgerhaus sowie vor und hinter der Kirche (unter 5 Gehminuten). Auch eine Anreise mit dem Zug ist m\u00f6glich. Vom Bahnhof Schwindegg aus sind es unter 10 Gehminuten zum B\u00fcrgerhaus. [&hellip;]<\/p>\n","protected":false},"author":1,"featured_media":0,"parent":0,"menu_order":3,"comment_status":"open","ping_status":"closed","template":"","meta":{"ngg_post_thumbnail":0},"_links":{"self":[{"href":"http:\/\/www.schwibura.de\/index.php?rest_route=\/wp\/v2\/pages\/6"}],"collection":[{"href":"http:\/\/www.schwibura.de\/index.php?rest_route=\/wp\/v2\/pages"}],"about":[{"href":"http:\/\/www.schwibura.de\/index.php?rest_route=\/wp\/v2\/types\/page"}],"author":[{"embeddable":true,"href":"http:\/\/www.schwibura.de\/index.php?rest_route=\/wp\/v2\/users\/1"}],"replies":[{"embeddable":true,"href":"http:\/\/www.schwibura.de\/index.php?rest_route=%2Fwp%2Fv2%2Fcomments&post=6"}],"version-history":[{"count":7,"href":"http:\/\/www.schwibura.de\/index.php?rest_route=\/wp\/v2\/pages\/6\/revisions"}],"predecessor-version":[{"id":1378,"href":"http:\/\/www.schwibura.de\/index.php?rest_route=\/wp\/v2\/pages\/6\/revisions\/1378"}],"wp:attachment":[{"href":"http:\/\/www.schwibura.de\/index.php?rest_route=%2Fwp%2Fv2%2Fmedia&parent=6"}],"curies":[{"name":"wp","href":"https:\/\/api.w.org\/{rel}","templated":true}]}}